357. Let z = -71 - t. What is the remainder when z is divided by 14?
9
Let y = 9 + 60. What is the remainder when y is divided by (-24)/(-20)*((-5)/(-3) + 1280/96)?
15
Suppose -5*z - 7*s = -11*s - 1993, -5*z = -2*s - 1999. Calculate the remainder when z is divided by 37.
31
Let o = 10 - 5. Suppose 5*y + 0*p = o*p + 45, -6 = -3*p. Calculate the remainder when 1/(23/y + -2) is divided by 4.
3
Let y(h) = 2*h**2 - 133*h - 143. What is the remainder when 790 is divided by y(68)?
58
Suppose 2*z - 18 = -3*o, -o - 3*o + 3*z + 24 = 0. Suppose u - 2 - 3 = 0. Suppose u*c = 2*c + 84. Calculate the remainder when c is divided by o.
4
Suppose -3*k - 4*u = -114, 5*k + u + 3*u - 198 = 0. Let m = 99 - k. What is the remainder when m is divided by 12?
9
Let i be 3/(-1) - 1*-2. Let q(b) = -1 + 16*b**2 + 4*b**2 - 14*b**2. Calculate the remainder when 8 is divided by q(i).
3
Let p(l) = 3*l + 6. Suppose 0 = -8*a + 592. What is the remainder when a is divided by p(3)?
14
Let q = -9 - -22. Suppose q*l = 11*l + 106. Calculate the remainder when l is divided by 8.
5
What is the remainder when (-8 + 4)/(-2)*49 is divided by (30 - -4) + 1*-1 + 0?
32
Calculate the remainder when 248 is divided by 1/(246/996*-4 - -1).
82
Let z = -52 - -151. What is the remainder when z is divided by 53?
46
Let b be -1 - 15 - (-1 - 0). Let h = b - -24. Suppose c - 11 = h. Calculate the remainder when c is divided by 11.
9
Let u = 16 - 22. What is the remainder when (225/(-6))/(3/u) is divided by 26?
23
Let v(i) = -2*i**2 - 20*i + 1. Let o be v(-10). What is the remainder when o - (-253 + (-8)/2) is divided by 52?
50
Suppose 14 = l + 10. Suppose 60 = 2*k + l*k. What is the remainder when 45 is divided by k?
5
Let w = -3528 - -5007. Calculate the remainder when w is divided by 6.
3
Let d = 121 + -69. Let z = -47 + d. Calculate the remainder when 44 is divided by z.
4
Let z = -1514 + 1591. Let c = 5 + 8. What is the remainder when z is divided by c?
12
Suppose 5*m - 4*m - 4 = 0. Suppose 102 = 5*v - m*a, 2*v + a = -2*a + 50. Let t = -50 + 113. Calculate the remainder when t is divided by v.
19
Let j = -3 - -4. Let v be 0*((-1)/(-2) - j). Suppose -6*g + 4*g + 36 = v. Calculate the remainder when g is divided by 5.
3
Let w be 4/(2/1 + 108/(-45)). Let j = 7 + 15. What is the remainder when j is divided by (-26)/(-5)*(-25)/w?
9
Suppose 3*d + 3*y - 6 = -0*d, 2*d - 5*y = 25. Suppose 0*t + d*c + 25 = 5*t, -18 = -4*t + 3*c. Calculate the remainder when 8 is divided by t.
2
Suppose -x - 2*n + 6*n + 18 = 0, 3*n = 6. Let a = x - 10. Let k = 18 + -8. What is the remainder when a is divided by k?
6
Suppose 0 = j + 12 - 54. Suppose 286 = 25*f + f. What is the remainder when j is divided by f?
9
Let i(r) = -2*r + 3. Let o = 105 - 61. Calculate the remainder when -3 + o/16 - (-117)/4 is divided by i(-6).
14
Suppose 0 = 3*b - 3*i - 6, 2*b = -5*i + 12 + 20. Suppose -b = -4*y + 2. Suppose 4*p + 5 = 3*p, 2*p - 4 = -y*v. What is the remainder when 11 is divided by v?
4
Let j be 4/8 - 148/(-8) - -3. Suppose 13 = p - j. What is the remainder when p is divided by 19?
16
What is the remainder when (3 + -7 - -211) + 0 is divided by 30?
27
Suppose -i - 4*s + 0 + 48 = 0, s = 3*i - 131. What is the remainder when 2/(-9) + (-7795)/(-45) is divided by i?
41
Let t(s) = 6*s**2 + 7*s + 17. Let v(z) = -5*z**2 - 8*z - 18. Let p(r) = 4*t(r) + 5*v(r). What is the remainder when 9 is divided by p(-9)?
4
Let s = 97 - 94. Suppose 0 = s*n + 9, -2*n - 49 = -2*y + 63. Calculate the remainder when y is divided by 14.
11
Let d be ((-4)/(-6))/(3*(-7)/63). What is the remainder when 41 is divided by 2*(-25)/d + (15 - 18)?
19
Suppose 26*u + 12 = 30*u. Let j(k) = -k + u + 3 + 10. What is the remainder when 45 is divided by j(0)?
13
Let w(x) = x**3 - 25*x**2 - 46*x + 154. What is the remainder when w(27) is divided by 6?
4
Calculate the remainder when (-228)/18*30/(-4) is divided by 50.
45
Suppose 0 = -3*w - 20 - 10. Let h = 16 + w. What is the remainder when 8 is divided by h?
2
Suppose -9 = k - 1. Let d be k*((-3)/1 - -4). Calculate the remainder when (d/(-16))/((-2)/(-164)) is divided by 21.
20
Calculate the remainder when 10/65 - (-2640)/78 is divided by 27.
7
Let m(w) = -16*w - 10. Calculate the remainder when 111 is divided by m(-4).
3
Let c(l) = l**3 + 30*l**2 + 2. Let u be c(-30). Calculate the remainder when (-10)/(-4) + (-2)/(-4) is divided by ((-12)/21)/(u/(-14)) + -1.
0
Suppose 30 = 5*n - 0*n + i, 0 = i - 5. Suppose -110 = -f - 4*f + n*t, 5*t = 3*f - 66. What is the remainder when 62 is divided by f?
18
Let l = -322 - -336. Calculate the remainder when 62 is divided by l.
6
Let d = 508 - 458. Calculate the remainder when d is divided by 40.
10
Let i(n) = 7*n - 6. Suppose -36 = -2*w - 4*q, -w + 6*w + 4*q - 72 = 0. What is the remainder when i(w) is divided by 27?
24
Let f(l) = -20*l**2 - 1. Let i be f(2). What is the remainder when 51 is divided by i/(-6)*24/18?
15
Let a(s) = -12*s - 1. Suppose -2*d + 0*z + z = 8, -z = -2. Calculate the remainder when a(d) is divided by 20.
15
Suppose 0 = -4*w - 4 - 8. What is the remainder when 8 is divided by 9/(9/w)*-1?
2
Suppose -3*p = -7*p. Suppose p = -3*d + 21. What is the remainder when 2/8 + (-204)/(-16) is divided by d?
6
Let j(y) = y**2 - 7*y - 59. Calculate the remainder when 35 is divided by j(-6).
16
Suppose 5*v + 52 = 3*v. Let t = -3 - v. Calculate the remainder when 43 is divided by t.
20
Let w be 0 + (-6)/(-10) + 5034/(-15). Let n = -215 - w. What is the remainder when n is divided by 41?
38
Let b(n) = 5*n**2 + 5*n + 5. Let u = 64 + 10. What is the remainder when u is divided by b(-2)?
14
Suppose 21 = -27*u + 34*u. Suppose -4*b + 0*f = 2*f - 38, -53 = -5*b + u*f. What is the remainder when 28 is divided by b?
8
Suppose -6*k + 7*k = 178. Calculate the remainder when k is divided by 14.
10
What is the remainder when (-8 + 77)*1/((-6)/(-14)) is divided by 18?
17
Let k(t) = -t**3 - 10*t**2 - 12*t - 18. Suppose 0 = -2*j + 78 - 14. Calculate the remainder when j is divided by k(-9).
5
Suppose f = -14 + 17. Suppose -f*j - 3*j = -174. Calculate the remainder when j is divided by 6.
5
Let x = -50 + 33. Let s = 15 + x. What is the remainder when 54 is divided by s/(52/28 - 2)?
12
Let u(s) = s**2 - 13*s + 17. Let a be u(12). Suppose a*n - 5*j = 65, -j + 20 = 3*n - 23. Calculate the remainder when n is divided by 13.
1
What is the remainder when 152 is divided by (-28)/(-266) - ((-188)/19 - 3)?
9
Suppose -66 - 54 = -12*r. What is the remainder when 88 is divided by r?
8
Let r be (2 + 1)/((-15)/(-20)). Suppose r*j - j = 6. Suppose 135 = 5*c + 5*o, -4*o + j*o - 8 = 0. Calculate the remainder when c is divided by 8.
7
Let r(k) = 9*k**3 + k - 6. Let p be r(3). Let i = -119 + p. What is the remainder when i is divided by 31?
28
Let d(t) = t - 2*t + t**3 + 0*t + t**2 + t**2 + 11. What is the remainder when ((-2)/4)/((-5)/210) is divided by d(0)?
10
Let l = -303 + 326. What is the remainder when 67 is divided by l?
21
Let u = -4 + -16. Let i be 10/u*1*-18. Let g(p) = -p**2 + 9*p + 13. What is the remainder when 75 is divided by g(i)?
10
Suppose -2*c = 4*i - 1762, 6*i + 3*c - 2204 = i. Calculate the remainder when i is divided by 63.
61
Suppose l - 5*o + 0 + 7 = 0, 4*l = -2*o - 6. Let u = 36 - 15. What is the remainder when 41 - ((3 - 1) + l) is divided by u?
20
Suppose -26 = o - 3*o - 4*l, -l + 29 = 5*o. Suppose -o = -2*w + 1, 2*m - 242 = -4*w. Calculate the remainder when m is divided by 30.
25
Suppose 5*u - 3*j = 123, -u - 2*j = 2*u - 89. What is the remainder when u is divided by (1/(-2))/(1/(-12))?
3
Suppose n - 3*n - 14 = 4*s, -3*s = -4*n + 16. Calculate the remainder when 71 is divided by ((-70)/15 - s)*-27.
17
Let m(g) = 143*g - 9. Let j be m(3). Calculate the remainder when ((-2)/6)/((-10)/j) is divided by 4.
2
Suppose 4*k = -d - 3*d + 16, 2*d + 4*k - 4 = 0. Let w = 12 + 1. Suppose -m = -2*v - w, -3*v + 107 = 3*m + m. Calculate the remainder when m is divided by d.
5
Let f = -7 - -3. What is the remainder when f + (-4 - (-129 + 4)) is divided by 30?
27
Suppose -4*u + 16 + 0 = 0. Suppose 0*h = -u*h + 48. Calculate the remainder when 27 is divided by h - -6*1/2.
12
Let j(y) = 316*y**2 + 49*y - 47. Calculate the remainder when j(1) is divided by 17.
12
Let v(s) = 0*s - 6*s - 3 + s + 2*s + s**